59, 5231
List the prime factors of 118354577.
11, 41, 23857
List the prime factors of 46274807.
29, 673, 2371
What are the prime factors of 920950842?
2, 3, 7, 1213, 18077
List the prime factors of 64519143.
3, 13, 1654337
List the prime factors of 1397080264.
2, 17, 47, 127, 1721
What are the prime factors of 44955256?
2, 353, 15919
What are the prime factors of 240314047?
101, 2379347
What are the prime factors of 280956975?
3, 5, 13, 53, 5437
What are the prime factors of 33532123?
5507, 6089
What are the prime factors of 583017308?
2, 1091, 133597
List the prime factors of 70530513.
3, 23510171
What are the prime factors of 26316384?
2, 3, 467, 587
List the prime factors of 2313883999.
7, 330554857
What are the prime factors of 102782348?
2, 25695587
List the prime factors of 453575125.
5, 19, 190979
List the prime factors of 777763153.
41, 241, 78713
List the prime factors of 358383746.
2, 7, 23, 31, 223
What are the prime factors of 2980107735?
3, 5, 11, 17, 1062427
List the prime factors of 962872264.
2, 120359033
What are the prime factors of 752871792?
2, 3, 17, 922637
List the prime factors of 44915041.
4451, 10091
List the prime factors of 30314693.
30314693
What are the prime factors of 381081299?
17, 347, 64601
List the prime factors of 190308981.
3, 63436327
List the prime factors of 1417515502.
2, 13, 593, 91939
List the prime factors of 841179102.
2, 3, 140196517
List the prime factors of 56381978.
2, 661, 42649
What are the prime factors of 297966815?
5, 59, 211, 4787
What are the prime factors of 1996091608?
2, 7, 97, 367469
List the prime factors of 71333783.
103, 467, 1483
List the prime factors of 685707044.
2, 11, 79, 197269
List the prime factors of 3121210030.
2, 5, 17, 103, 397, 449
What are the prime factors of 64636510?
2, 5, 6463651
List the prime factors of 5595206673.
3, 7, 773, 344681
What are the prime factors of 2099246464?
2, 7, 19, 123311
What are the prime factors of 450592031?
37, 12178163
What are the prime factors of 401390451?
3, 7, 11, 17, 41, 277
What are the prime factors of 322834925?
5, 7, 53, 34807
What are the prime factors of 464702921?
464702921
What are the prime factors of 2308202331?
3, 2711, 283807
What are the prime factors of 3571136?
2, 55799
List the prime factors of 6291781753.
17, 79, 89, 52639
What are the prime factors of 4290399472?
2, 16223, 16529
List the prime factors of 2017864176.
2, 3, 42038837
List the prime factors of 269549554.
2, 134774777
List the prime factors of 64599681.
3, 21533227
What are the prime factors of 120115547?
120115547
What are the prime factors of 768050159?
768050159
What are the prime factors of 462667674?
2, 3, 7, 11015897
List the prime factors of 388353827.
23, 16884949
List the prime factors of 456065043.
3, 7, 21717383
List the prime factors of 5387799026.
2, 277, 9725269
List the prime factors of 6933977848.
2, 7, 61, 157, 1847
What are the prime factors of 1560234754?
2, 13, 173, 346873
What are the prime factors of 134185152?
2, 3, 127, 5503
List the prime factors of 30546615.
3, 5, 11, 185131
List the prime factors of 145218156.
2, 3, 47, 197, 1307
List the prime factors of 323594897.
7369, 43913
What are the prime factors of 108433778?
2, 97, 558937
List the prime factors of 54648046.
2, 23, 1188001
What are the prime factors of 35266702?
2, 17633351
What are the prime factors of 1025876651?
11863, 86477
What are the prime factors of 345150494?
2, 13, 13275019
What are the prime factors of 1300979569?
41, 31731209
What are the prime factors of 193814098?
2, 19, 5100371
What are the prime factors of 37161834?
2, 3, 19, 181, 1801
What are the prime factors of 360776987?
360776987
What are the prime factors of 5670668108?
2, 7, 89, 2275549
What are the prime factors of 880389258?
2, 3, 7, 20961649
List the prime factors of 66377099.
101, 293, 2243
What are the prime factors of 531255210?
2, 3, 5, 17708507
List the prime factors of 2475179131.
24061, 102871
What are the prime factors of 150529702?
2, 2939, 25609
What are the prime factors of 167963430?
2, 3, 5, 47, 139, 857
What are the prime factors of 14635849?
277, 52837
What are the prime factors of 3716325563?
89, 701, 59567
List the prime factors of 14473666.
2, 131, 55243
What are the prime factors of 79091123?
17, 823, 5653
List the prime factors of 114938361.
3, 463, 27583
List the prime factors of 63838890.
2, 3, 5, 709321
What are the prime factors of 147725903?
13, 17, 521, 1283
List the prime factors of 224826701.
11, 20438791
List the prime factors of 4182828471.
3, 97, 1597109
List the prime factors of 85863244.
2, 3881, 5531
List the prime factors of 141732049.
23, 6162263
What are the prime factors of 113440123?
113440123
What are the prime factors of 13608640?
2, 5, 23, 43
List the prime factors of 24960720.
2, 3, 5, 104003
What are the prime factors of 71940167?
13, 61, 83, 1093
What are the prime factors of 1103060524?
2, 197, 239, 5857
List the prime factors of 1392976005.
3, 5, 17, 127, 43013
What are the prime factors of 211688919?
3, 13, 149, 12143
List the prime factors of 3577203736.
2, 443, 1009369
List the prime factors of 526881992.
2, 7, 13, 723739
List the prime factors of 44247574.
2, 7, 3160541
List the prime factors of 143806449.
3, 4051, 11833
What are the prime factors of 1283937546?
2, 3, 17, 79, 159337
List the prime factors of 492821378.
2, 7, 35201527
List the prime factors of 36831074.
2, 7, 2630791
List the prime factors of 1754399519.
14551, 120569
List the prime factors of 933719069.
933719069
List the prime factors of 1234815788.
2, 151, 1373, 1489
What are the prime factors of 12482710?
2, 5, 1248271
List the prime factors of 968691705.
3, 5, 17, 3798791
List the prime factors of 153509157.
3, 17056573
What are the prime factors of 94935181?
11, 67, 128813
What are the prime factors of 3254563528?
2, 157, 2591213
What are the prime factors of 4045465205?
5, 929, 870929
What are the prime factors of 24646153?
7, 3520879
List the prime factors of 1838965035.
3, 5, 229, 535361
What are the prime factors of 175035485?
5, 17, 197, 10453
List the prime factors of 5956661160.
2, 3, 5, 31, 177917
List the prime factors of 9187339.
7, 379, 3463
What are the prime factors of 126614345?
5, 11, 13, 61, 2903
List the prime factors of 58900052.
2, 14725013
What are the prime factors of 69885106?
2, 347, 100699
List the prime factors of 148131495.
3, 5, 211, 15601
What are the prime factors of 433761697?
19, 22829563
What are the prime factors of 2300136592?
2, 13, 11058349
What are the prime factors of 21399718?
2, 10699859
List the prime factors of 6539978448.
2, 3, 19, 796781
What are the prime factors of 6194868083?
6194868083
List the prime factors of 22476855.
3, 5, 1498457
List the prime factors of 1096398514.
2, 31, 2111, 8377
What are the prime factors of 3217099836?
2, 3, 19, 1499, 9413
What are the prime factors of 590344407?
3, 149, 440227
What are the prime factors of 561659043?
3, 11, 163, 104417
What are the prime factors of 41394876?
2, 3, 103, 107, 313
What are the prime factors of 73699935?
3, 5, 23, 213623
List the prime factors of 476301029.
13217, 36037
What are the prime factors of 3259524357?
3, 31, 11682883
What are the prime factors of 1090908506?
2, 61, 8941873
What are the prime factors of 183967466?
2, 91983733
What are the prime factors of 4548883620?
2, 3, 5, 75814727
List the prime factors of 1139653562.
2, 569826781
What are the prime factors of 17026292?
2, 4256573
List the prime factors of 46649832.
2, 3, 1943743
What are the prime factors of 1032006096?
2, 3, 11, 6581
What are the prime factors of 1465797184?
2, 467, 49043
What are the prime factors of 2869737411?
3, 17, 5623, 10007
What are the prime factors of 2334600388?
2, 10831, 53887
What are the prime factors of 147290293?
1051, 140143
List the prime factors of 272882515.
5, 43, 1269221
What are the prime factors of 2513110604?
2, 31, 71, 285451
What are the prime factors of 4610973716?
2, 17, 211, 321367
What are the prime factors of 170992975?
5, 6839719
What are the prime factors of 1203908198?
2, 937, 642427
List the prime factors of 5832021.
3, 13, 11503
List the prime factors of 1078127257.
127, 8489191
List the prime factors of 450210079.
11, 607, 67427
List the 